n base 15, what is 1a6b3e + 9?
1a6b48
In base 9, what is -47488 + -20207?
-67706
In base 15, what is 49e - 333a?
-2d8b
In base 3, what is 1000001 + -1210120?
-210112
In base 11, what is 6 + 2973483?
2973489
In base 11, what is -8 - -4414184?
4414177
In base 11, what is -35a + 600223?
5aa974
In base 5, what is -41100021042 - 2?
-41100021044
In base 12, what is -2404 - -21a7?
-219
In base 16, what is 24d56 - 9cf?
24387
In base 15, what is -3 + 17120?
1711c
In base 8, what is 137316532 + -1?
137316531
In base 13, what is 4 - 802759?
-802755
In base 8, what is -1 + -36100?
-36101
In base 12, what is -37653 + 19b?
-37474
In base 8, what is -2055 - 35522?
-37577
In base 9, what is 135633408 + -1?
135633407
In base 14, what is -964 - -147c?
918
In base 5, what is -4422 - 113132?
-123104
In base 16, what is ec4 + -f909?
-ea45
In base 15, what is 11ded01 - 5?
11deceb
In base 9, what is -5713 + -185085?
-201808
In base 2, what is -10 - -10010011110101010111101010?
10010011110101010111101000
In base 5, what is 4112 + 141231003?
141240120
In base 6, what is 1000 + 2252520?
2253520
In base 13, what is -8cb233 + -135?
-8cb368
In base 5, what is 23334 + 3441000?
4014334
In base 12, what is -10a50 + 4276?
-8796
In base 6, what is -21012324352 - -2?
-21012324350
In base 14, what is -94c3ac + 2?
-94c3aa
In base 4, what is -1321300 - -232333?
-1022301
In base 9, what is 5 - 708373240?
-708373234
In base 5, what is -1231030330 + 0?
-1231030330
In base 14, what is 382a8bd4 - -4?
382a8bd8
In base 10, what is 48 - 417?
-369
In base 2, what is 11 + 1010011101101100000111?
1010011101101100001010
In base 6, what is 24105120 + -111?
24105005
In base 16, what is 4 + 58ad19?
58ad1d
In base 7, what is -3 + 212262206?
212262203
In base 12, what is -13751b4 + 1?
-13751b3
In base 12, what is 787 - 40701?
-3bb36
In base 9, what is -5115075 + -5?
-5115081
In base 7, what is 54351 - 15323?
36025
In base 14, what is 12 - 3242a7c?
-3242a6a
In base 5, what is 3 + -10012110?
-10012102
In base 16, what is -7910 - -e5?
-782b
In base 11, what is -864981 - 4?
-864985
In base 15, what is -b4d55 - 37?
-b4d8c
In base 6, what is 14 + -200354?
-200340
In base 16, what is -2ff4d5 - 11?
-2ff4e6
In base 8, what is 14407157 - -7?
14407166
In base 15, what is -14 + 1445a5?
144591
In base 11, what is -4 + -12295a3?
-12295a7
In base 6, what is -10350523313 - -3?
-10350523310
In base 14, what is 7173268 + 1?
7173269
In base 3, what is -211011122101110 - -1?
-211011122101102
In base 14, what is 82a - 114c31?
-114405
In base 5, what is 0 + 3412242444?
3412242444
In base 13, what is -53 - 1b4aa?
-1b530
In base 9, what is -1553071 - -26?
-1553044
In base 4, what is -13011321231 - 103?
-13011322000
In base 4, what is 2121 + -121322011?
-121313230
In base 16, what is 5 - 182a3f4b?
-182a3f46
In base 16, what is -5 - e51600?
-e51605
In base 6, what is -220135 + 2102012?
1441433
In base 16, what is 4e - 6dd8?
-6d8a
In base 10, what is 36466365 + 4?
36466369
In base 7, what is -515 - 33666?
-34514
In base 12, what is 612746 + 9?
612753
In base 15, what is -8b + -27a1?
-283c
In base 14, what is -1800aa + 5?
-1800a5
In base 2, what is -10 + -1011001000110010001111001110?
-1011001000110010001111010000
In base 11, what is 106 + 347594?
34769a
In base 11, what is 444 - -13296a?
133303
In base 13, what is -13a3 - -16b?
-1235
In base 16, what is -17 + -1abb80?
-1abb97
In base 14, what is 9075c + 76?
907d4
In base 6, what is 2141 + -14553?
-12412
In base 2, what is 11 - 11111101111010010111?
-11111101111010010100
In base 15, what is 989c9 + d?
989d7
In base 4, what is -2032030311032232 + -1?
-2032030311032233
In base 2, what is -101 - 10111101111010111010101?
-10111101111010111011010
In base 3, what is -2122222 - -2120002002?
2110102010
In base 6, what is -423413 + 4204?
-415205
In base 3, what is -21222210 - 11100020?
-110100000
In base 6, what is -10333 - 134523?
-145300
In base 8, what is -74 - 476564?
-476660
In base 2, what is -10000001111 - 11000001000101?
-11010001010100
In base 15, what is 6b2625b - -2?
6b2625d
In base 10, what is 141219 + -300?
140919
In base 11, what is 8a5404 + 39?
8a5442
In base 12, what is 2a797 - -6a3?
2b27a
In base 13, what is 5 + -1967b199?
-1967b194
In base 13, what is 1ca88 + -163?
1c925
In base 12, what is 173b451 - -64?
173b4b5
In base 7, what is -3003666444 + -3?
-3003666450
In base 16, what is -1321 + -5a3e?
-6d5f
In base 9, what is 4586081 + -41?
4586040
In base 8, what is 27266724 - -6?
27266732
In base 14, what is 5b - -4a604?
4a661
In base 2, what is -100101011101 - 1011111000?
-110001010101
In base 9, what is 16132341 - 2?
16132338
In base 10, what is -1735616 - 19?
-1735635
In base 7, what is -4565153046 - 3?
-4565153052
In base 7, what is -4156 - 4411615?
-4416104
In base 11, what is 2a646142 - 2?
2a646140
In base 7, what is 2 + 133440560?
133440562
In base 16, what is -31517d7 - -1?
-31517d6
In base 14, what is -1db + b765?
b568
In base 4, what is 122311212030 - 1?
122311212023
In base 4, what is -121222111 - -1011201?
-120210310
In base 4, what is 11 - 331331321110?
-331331321033
In base 13, what is -1768a + 5b7?
-170a3
In base 15, what is -d5102dd - 4?
-d5102e2
In base 7, what is 14415654 - 2?
14415652
In base 10, what is 143857988 - 4?
143857984
In base 8, what is 350 + 1232550?
1233120
In base 4, what is 132 + 2222102100111?
2222102100303
In base 16, what is -ef8 - -2662e?
25736
In base 13, what is 180 + -a3c46?
-a3a96
In base 14, what is 180 - -9090?
9230
In base 12, what is -1a975b23 - -2?
-1a975b21
In base 14, what is 54bac - 3c?
54b70
In base 13, what is 7 - -64a9745?
64a974c
In base 11, what is -5254 - -477a6?
42552
In base 13, what is -297 + -43c3c?
-44206
In base 12, what is -21b + -6294?
-64b3
In base 7, what is -166222532 + -5?
-166222540
In base 7, what is 130 + 450004?
450134
In base 3, what is 1222202 - -211120220?
220120122
In base 8, what is 42 - 15617?
-15555
In base 8, what is 1 + 43436174?
43436175
In base 12, what is 11891 + -1100?
10791
In base 3, what is 1012022121222101 + 0?
1012022121222101
In base 6, what is 2010342 + -33021?
1533321
In base 2, what is -101 - 1000010101111100010010?
-1000010101111100010111
In base 9, what is 6 + -2626386?
-2626380
In base 8, what is 1532 + 306355?
310107
In base 5, what is 311304 - -412012?
1223321
In base 4, what is -131030201 - -112022?
-130312113
In base 6, what is -5 + 50230205?
50230200
In base 5, what is 3 + 10214131424?
10214131432
In base 12, what is -46 - 842299?
-842323
In base 7, what is -531 - 3413255?
-3414116
In base 8, what is -6170756 + -50?
-6171026
In base 10, what is -5857829 - -34?
-5857795
In base 5, what is -103041 + -141222?
-244313
In base 12, what is 2 - -5939459?
593945b
In base 14, what is 2749 + 2975?
52c0
In base 15, what is 266e5ae6 + -5?
266e5ae1
In base 7, what is 122103 + 324?
122430
In base 10, what is -11 - 39798575?
-39798586
In base 15, what is -5 + 5c6a5cc?
5c6a5c7
In base 12, what is -3277191 - -28?
-3277165
In base 7, what is -5010 - 3641056?
-3646066
In base 15, what is -2d9 + 81b3b?
81852
In base 3, what is 102221012 + 1122201?
111120220
In base 6, what is 4 - 52251433?
-52251425
In base 4, what is -22020001 - -120003?
-21233332
In base 7, what is -4022 + -125360?
-132412
In base 2, what is -100101100 - -111011111000?
110111001100
In base 2, what is 100010101 - 10010000111111111?
-10010000011101010
In base 16, what is -825ce + 6?
-825c8
In base 5, what is -3 + 10041441422?
10041441414
In base 3, what is -100001 - 101011112201?
-101011212202
In base 3, what is -12222121120010 + 0?
-12222121120010
In base 4, what is 102132212133 - 1?
102132212132
In base 6, what is -134512345 + 4?
-134512341
In base 13, what is -276cb - 6b87?
-31585
In base 14, what is -1997 - 306?
-1c9d
In base 5, what is 2042203144 - 1020?
2042202124
In base 11, what is 2 + 43115215?
43115217
In base 16, what is -aae6 + d2?
-aa14
In base 8, what is -26 - -6531470?
6531442
In base 6, what is -3 + 113502532?
113502525
In base 11, what is -15655a4 - 9?
-1565602
In base 10, what is -12107067 + -46?
-12107113
In base 7, what is -433 - 151550?
-152313
In base 10, what is 57 + -860469?
-860412
In base 10, what is 11474 - -27670?
39144
In base 11, what is 3102486 - a?
3102477
In base 2, what is 11100010110